be (858/55)/(6/p). Suppose 15 + 550 = 5*b - 5*z, 2*b + 4*z - g = 0. What are the prime factors of b?
2, 5, 11
Let u(m) = -10*m**3 - 39*m**2 + 29*m - 199. What are the prime factors of u(-15)?
101, 241
Let s(t) = 77*t**2 + 129*t + 1757. List the prime factors of s(-15).
13, 1319
Let d(s) = -s**3 + 7*s + 1. Let x be d(-3). Suppose 149 = -x*w + 3796. What are the prime factors of w?
521
Let s(v) = -v**3 - 8*v - 8*v**2 + 10*v**2 - 15 + 10*v**2 + v**2. Let u be s(11). Let m = -23 + u. List the prime factors of m.
2, 29
Let x(d) = -209*d**3 - 7*d**2 + 157*d + 649. What are the prime factors of x(-4)?
5, 2657
List the prime factors of -702 + 44400 - (3/3)/(-1).
89, 491
Let r be 835 + (4 - -10 - 9). Let o = r - 796. What are the prime factors of o?
2, 11
Suppose -2*g - 8 = 0, -2*b - 3*g = b + 21. List the prime factors of 3 - (b + 60/8)*-4.
3, 7
Suppose 16 = -4*g + 3*j, j = -4*g - 3*j + 12. Let n be ((-520)/(-15))/(g/(-12)). Suppose -3*v + n - 35 = 0. List the prime factors of v.
127
Suppose g + 2*f = 2*g - 12, 0 = 5*f + 15. Let y(j) = -j + 143. List the prime factors of y(g).
137
Let j be (-88)/(-24) - ((-12)/9 - -1). Suppose -5*a - 4569 + 1053 = -4*q, -j*a = q - 879. What are the prime factors of q?
3, 293
Let j(d) = d**2 - 8*d + 12. Let m be j(2). Suppose m = 16*x - 12*x - 608. List the prime factors of x.
2, 19
List the prime factors of (-310)/(-93)*(-8721)/(-5).
2, 3, 17, 19
Let j = 47359 + -31714. List the prime factors of j.
3, 5, 7, 149
Suppose -61*d - 1628 = -15*d - 1988644. What are the prime factors of d?
2, 10799
What are the prime factors of (-8)/(-14)*(-5263328)/(-64)?
2, 23497
Let o be (3 - 1)/((-88)/(-33396)). Let b = o + -392. What are the prime factors of b?
367
Let v = -6 + 24. Let b = 37 + v. Suppose -2*w = -u + 7, 3*u + w - b = 1. What are the prime factors of u?
17
Let h = 108 - 32. Suppose -w + 2*w + 5*l + 9 = 0, -15 = -w + l. Suppose n - h = -w. List the prime factors of n.
5, 13
Suppose -34963 = -1300*q + 1298*q + 5*u, -4*q + 69915 = u. What are the prime factors of q?
7, 11, 227
Let x(w) = 4*w - 2. Let q be x(11). Suppose q*d - 30264 + 8214 = 0. List the prime factors of d.
3, 5, 7
Let b(z) = -31*z**3 - z**2 + 67*z + 72. List the prime factors of b(-11).
5, 1619
Suppose -q = 2*v - 8921, -2*q - 2*v - 2269 = -20115. List the prime factors of q.
3, 5, 7, 17
Let k = -31 - -26. Let c be 138/(-92) + 137*(-2)/4. What are the prime factors of k/2*1092/c?
3, 13
Let h(y) be the first derivative of -215*y**4/4 + 2*y**3/3 - 7*y**2 - 25*y + 97. List the prime factors of h(-2).
3, 577
Let q(z) = -14*z + 12. Suppose -5*y = 5*o + 150, 2*y - 17 + 137 = -4*o. List the prime factors of q(o).
2, 3
Let j(i) be the third derivative of 5*i**4/3 + 31*i**3/2 + 43*i**2 - i. List the prime factors of j(7).
373
Let j(n) = -n**2 - 11*n + 23. Let f be j(-13). List the prime factors of f/4 + 3321/12.
2, 3, 23
Let l = -826 + 831. List the prime factors of (5616/l - 4) + (-16)/(-20).
2, 5, 7
Suppose -3*o = -40*o + 851. Let f(u) = 32*u - 65. List the prime factors of f(o).
11, 61
Let u(g) = -627*g + 3264. What are the prime factors of u(-6)?
2, 3, 1171
What are the prime factors of (21 + -8 + -29)*1790/(-8)?
2, 5, 179
Suppose 49 + 11 = 6*c. Let w(a) = 33*a - 28. Let f be w(c). Suppose -64 - f = -6*l. What are the prime factors of l?
61
Suppose -2*i + 10 = 3*k, 5*i - 4 = -5*k + 21. Suppose k = -2*o - 8*o + 4280. What are the prime factors of o?
2, 107
Let u(k) = 3*k**2 + 32*k + 6. Let a be u(-11). Suppose -i = m - 5*i - a, -m + 5*i = -21. List the prime factors of (9 - 188)*(-1 + 1 - m).
179
Let s = 26 - 24. Suppose -10 = -5*o, 5*t + 0 = -o + s. Suppose t = 7*q + 8*q - 1665. What are the prime factors of q?
3, 37
Let v(u) = -205*u**2 - 11*u - 6*u - 12 + 204*u**2. Let o be v(-18). Let z = 44 + o. What are the prime factors of z?
2, 7
Let o(l) = -1223*l**3 + 2*l**2 + 197*l + 395. List the prime factors of o(-2).
7, 1399
Suppose 0 = 5*c + 1 + 9, 3*v - 5*c = 1. List the prime factors of 112/v*(-120)/32.
2, 5, 7
Let w = 2 - -3. Suppose -w*x + 1707 = 3*g, -1369 = -5*x + x + g. List the prime factors of x.
2, 3, 19
Let u = -423 + 1261. Let a = u - 465. What are the prime factors of a?
373
Let q = -276 + 276. Suppose q = -3*f + z + 519, -f + 0*z - 5*z + 173 = 0. List the prime factors of f.
173
Suppose 43*y - 69*y = 36608. Let r = 2776 + y. List the prime factors of r.
2, 3, 19
What are the prime factors of (13885 - 1) + (-149 - -134)?
3, 23, 67
Let t(z) = 0 - 10*z**2 - 4*z + 31*z**2 - 9 + z. Let k be (-8)/6*(-144)/64. What are the prime factors of t(k)?
3, 19
Suppose 3*x + 10 = -2*y, 4 = -2*y - x - 2. What are the prime factors of 7641/54 + (3/(-6) - y)?
11, 13
Suppose -1217 = -3*j - 5*b, 0 = 3*j - 2*b + 4*b - 1223. Let a = j - 70. What are the prime factors of a?
3, 113
Let o = 0 - -2. Suppose -8*w = 76 - 108. Suppose -2*t = o*c - 100, -4*t - w*c = c - 196. What are the prime factors of t?
2, 3
Let f be ((-4)/8)/((-6)/(-180)) - -4. List the prime factors of (10/(-5) + f)*-2.
2, 13
Suppose -6*q = -343 + 187. Suppose 0 = q*x - 38629 - 6845. What are the prime factors of x?
3, 11, 53
Let o = 2353 + -1334. List the prime factors of o.
1019
What are the prime factors of (3/5)/(7 - 524120/74875)?
3, 5, 599
Suppose -3*k = -3*f + 72270, -4*f + 2*k + 14517 = -81829. What are the prime factors of f?
24083
Suppose -6*a + 240 = 672. What are the prime factors of (a/(-21))/(4/182)?
2, 3, 13
Suppose 2*d + 54*p - 59*p = 39128, -2*d + 3*p = -39140. What are the prime factors of d?
7, 2797
Suppose b + 648 = -4*u + 6*b, -5*b = 0. Let n = u - -601. What are the prime factors of n?
439
Suppose 11*n + 75 = 26*n. List the prime factors of 273 + n - (-2 + 6).
2, 137
Suppose 7*v = -161 + 11053. Suppose -5*r + 4909 + v = 0. What are the prime factors of r?
3, 431
Let g = 9716 + 11881. List the prime factors of g.
3, 23, 313
Let u(r) = 13*r**2 - 2 + 10 + 8*r + 4. Suppose -98 = 28*d - 14. What are the prime factors of u(d)?
3, 5, 7
Let d be 63/14 + 1/2. Let i be (-1)/(d*1) - (-35)/175. Suppose i = 6*y - 420 - 252. List the prime factors of y.
2, 7
Let j be (176/10)/(38/1615). Let y = j + -471. List the prime factors of y.
277
Suppose 4*p + 18622 = 5*j + 2612, 4*p = -3*j + 9606. List the prime factors of j.
2, 1601
Let x(t) = 3*t**2 + t - 10. Let y be x(4). Let u be (y/(-28))/(6/968). Let q = u + 361. What are the prime factors of q?
7, 17
Suppose -4*a - 3*w + 327 = 0, -3*a - 5*w + 15 + 222 = 0. Let o = a + -84. Suppose 2*c = 5*h - 278, o*h - 4*c = 5*h - 254. List the prime factors of h.
2, 3
Let o = -4403 + 10712. What are the prime factors of o?
3, 701
Suppose 3*k + 733 = 760. List the prime factors of 2 + 297 + (3 - k).
293
Let z = -208 - -823. Let b be (-9)/21 - z/35. Let m(f) = f**2 + 9*f - 36. What are the prime factors of m(b)?
2, 3, 7
What are the prime factors of ((-192)/40 - -6) + (-151240)/(-50)?
2, 17, 89
Suppose 16*l + 71331 = 29*l. Suppose 0 = -8*m + 217 + l. List the prime factors of m.
23, 31
Let l = -2956 + 11235. List the prime factors of l.
17, 487
Suppose 2*p + 12*p - 100225 = -5*p. List the prime factors of p.
5, 211
Suppose -5*u = 4*a + 7, -17 + 23 = -3*a - 4*u. Suppose -2*q + 2*o = -1212, a*q - 6*q = 2*o - 2418. List the prime factors of q.
5, 11
Let g = -1057 + 11005. What are the prime factors of g?
2, 3, 829
Suppose 0 = -55*l + 79009 - 4814. List the prime factors of l.
19, 71
Let h(x) be the second derivative of -x**5/2 + 5*x**4/6 - x**2 - 14*x. List the prime factors of h(-3).
2, 179
Suppose 7*j - 2*j = 20. Suppose -5*a - 3*s + 64 = 13, 0 = j*a - s - 34. Suppose -a*b = -8*b - 37. List the prime factors of b.
37
Let a = -84 - -96. What are the prime factors of -131*(-9)/a + (-6)/24?
2, 7
Let u = 54390 - 24289. List the prime factors of u.
31, 971
Suppose 9*b - 30*b = -214809. What are the prime factors of b?
53, 193
What are the prime factors of 11/((-55)/9860)*(-1 + -13 + 8)?
2, 3, 17, 29
What are the prime factors of 2*228*189857/1527?
2, 19, 373
Suppose 0 = 4*p + g - 100, -3*p + g + 100 - 18 = 0. Suppose p*m - 11390 = 5432. What are the prime factors of m?
647
Let f(y) = 154*y + 7. Let a be f(-1). Let t be ((-38)/(-14) + -1)/((-42)/a). Suppose 4*u + t*u - 1750 = 0. What are the prime factors of u?
5, 7
Let x = -99 - -1865. Suppose -3*u + 2239 = -4*m, -4*u + 5